{"id":1985,"date":"2018-03-18T07:34:08","date_gmt":"2018-03-18T07:34:08","guid":{"rendered":"http:\/\/www.rosabianca.org\/?page_id=1985"},"modified":"2018-03-18T08:12:26","modified_gmt":"2018-03-18T08:12:26","slug":"scuola-estiva-2011","status":"publish","type":"page","link":"https:\/\/www.rosabianca.org\/?page_id=1985","title":{"rendered":"Scuola estiva 2011"},"content":{"rendered":"<p><span style=\"color: #ff0000;\">Dis<\/span>eguaglianze<br \/>\n<span style=\"color: #ff0000;\">In<\/span>differenze<br \/>\nMer<span style=\"color: #ff0000;\">canti<\/span><\/p>\n<p><strong>La bella politica addormentata nell\u2019incantesimo globale<\/strong><\/p>\n<p>24-28 agosto 2011 &#8211; Terzolas<\/p>\n<p><strong><a href=\"https:\/\/www.rosabianca.org\/wp-content\/uploads\/2011-08-24-08-28-Terzolas-Rosa-bianca-Disincanti-Indifferenze-Mercanti-S-181.jpg\"><img loading=\"lazy\" decoding=\"async\" class=\"size-medium wp-image-1994 alignright\" src=\"https:\/\/www.rosabianca.org\/wp-content\/uploads\/2011-08-24-08-28-Terzolas-Rosa-bianca-Disincanti-Indifferenze-Mercanti-S-181-300x200.jpg\" alt=\"\" width=\"300\" height=\"200\" srcset=\"https:\/\/www.rosabianca.org\/wp-content\/uploads\/2011-08-24-08-28-Terzolas-Rosa-bianca-Disincanti-Indifferenze-Mercanti-S-181-300x200.jpg 300w, https:\/\/www.rosabianca.org\/wp-content\/uploads\/2011-08-24-08-28-Terzolas-Rosa-bianca-Disincanti-Indifferenze-Mercanti-S-181-250x167.jpg 250w, https:\/\/www.rosabianca.org\/wp-content\/uploads\/2011-08-24-08-28-Terzolas-Rosa-bianca-Disincanti-Indifferenze-Mercanti-S-181.jpg 448w\" sizes=\"auto, (max-width: 300px) 100vw, 300px\" \/><\/a>Programma<\/strong><\/p>\n<p>Mercoled\u00ec 24 agosto<\/p>\n<p>Pomeriggio: arrivi ed accoglienza<\/p>\n<p>Ore 21: Serata di condivisione e musiche di De Andr\u00e8<\/p>\n<p>Gioved\u00ec 25 agosto<\/p>\n<p>ore 8 Ruminare la Parola, introduzione alla lectio divina a cura di<br \/>\nDom Franco Mosconi monaco camaldolese<\/p>\n<p>ore 9.30 Introduzione alla scuola<a href=\"https:\/\/www.rosabianca.org\/wp-content\/uploads\/2011-08-24-08-28-Terzolas-Rosa-bianca-Disincanti-Indifferenze-Mercanti-S-194.jpg\"><img loading=\"lazy\" decoding=\"async\" class=\"size-medium wp-image-1996 alignright\" src=\"https:\/\/www.rosabianca.org\/wp-content\/uploads\/2011-08-24-08-28-Terzolas-Rosa-bianca-Disincanti-Indifferenze-Mercanti-S-194-300x200.jpg\" alt=\"\" width=\"300\" height=\"200\" srcset=\"https:\/\/www.rosabianca.org\/wp-content\/uploads\/2011-08-24-08-28-Terzolas-Rosa-bianca-Disincanti-Indifferenze-Mercanti-S-194-300x200.jpg 300w, https:\/\/www.rosabianca.org\/wp-content\/uploads\/2011-08-24-08-28-Terzolas-Rosa-bianca-Disincanti-Indifferenze-Mercanti-S-194-250x167.jpg 250w, https:\/\/www.rosabianca.org\/wp-content\/uploads\/2011-08-24-08-28-Terzolas-Rosa-bianca-Disincanti-Indifferenze-Mercanti-S-194.jpg 448w\" sizes=\"auto, (max-width: 300px) 100vw, 300px\" \/><\/a><\/p>\n<p>La bella politica si risveglia senza il bacio del Principe di Machiavelli<br \/>\nGrazia Villa &#8211; Presidente Rosa Bianca<\/p>\n<p>I fondamenti della giustizia.<\/p>\n<p>Michele Nicoletti &#8211; Docente di Filosofia politica \u2013 Universit\u00e0 di Trento<\/p>\n<p>Disuguaglianze e profezia<\/p>\n<p>Daniela Saresella &#8211; Docente di Storia Contemporanea \u2013 Univ.Studi Milano<br \/>\nFulvio De Giorgi &#8211; Docente di Storia della pedagogia \u2013 Univ. di Modena e Reggio<\/p>\n<p>ore 15<\/p>\n<p>Incontro dibattito<br \/>\nLa legge, la giustizia, i diritti uguali e distinti per tutti<\/p>\n<p>Nicola Piacente &#8211; Procuratore Repubblica- Direzione Distrettuale Antimafia di Milano<\/p>\n<p>Pasquale Profiti &#8211; Procuratore Repubblica &#8211; Presidente ANM di Trento<\/p>\n<p>Emanuela Aliverti &#8211; Consigliere Corte D\u2019Appello Milano<\/p>\n<p>ore 21 Quartetto d\u2019archi &#8211; Maddalena Lombardini:<\/p>\n<p>composizione femminile nei conservatori veneziani del 700<br \/>\nClara Marzorati e Mariateresa Lietti violini<br \/>\nChiara Zabatta viola<br \/>\nAnna Camporini violoncello<\/p>\n<p>Venerd\u00ec 26 agosto<\/p>\n<p>ore 8 Lectio divina a cura di<br \/>\nMarcello Farina sacerdote. Docente di Filosofia &#8211; Univ. di Trento<\/p>\n<p>ore 9.30 Laboratori.<\/p>\n<p>Proposte<\/p>\n<p>laboratorio di scrittura femminile e teologia favolosa<br \/>\nlaboratorio di vita indipendente<br \/>\nlaboratorio di incantesimi in musica<br \/>\nlaboratorio di economia domestica solidale<br \/>\nlaboratorio di differenti municipalit\u00e0<br \/>\nlaboratorio di giornalismo: piccoli reporter crescono<br \/>\nlaboratorio di pratiche politiche internazionali<br \/>\nlaboratorio di scuola competente<br \/>\nlaboratorio di relazioni di accompagnamento<br \/>\nlaboratorio a cura dell\u2019Associazione Noteamargine<\/p>\n<p>Ore 15 L\u2019\u00e9cole competente: tra inclusione ed esclusione<\/p>\n<p>Luisa Broli &#8211; Dottoranda di ricerca &#8211; Univ. di Pavia<br \/>\nCeleste Grossi &#8211; Direttrice di \u00e9cole, rivista di idee per l\u2019educazione<br \/>\nMarco Orsi &#8211; Dirigente Scolastico, responsabile \u201cRete senza zaino\u201d<br \/>\nPiergiorgio Reggio &#8211; Docente di Progettazione Pedagogica &#8211; Univ. Cattolica<\/p>\n<p>ore 18 Etty Hillesum:la fortezza inespugnabile e la condivisione nel profondo<\/p>\n<p>Isabella Adinolfi Docente di Storia del pensiero etico-religioso &#8211; Univ.di Venezia<br \/>\nMarta Perrini studiosa di Etty Hillesum<\/p>\n<p>Ore 21 Incontro dibattito:<\/p>\n<p>Italiani anche noi<\/p>\n<p>Anna Luce Lenzi &#8211; Insegnante e autrice di testi e antologie scolastiche<br \/>\nEraldo Affinati &#8211; Insegnante e autore<\/p>\n<p>Sabato 27 agosto<\/p>\n<p>ore 8 Lectio divina a cura di<br \/>\nMarcello Farina sacerdote &#8211; Docente di Filosofia &#8211; Univ. di Trento<\/p>\n<p>ore 9.30<\/p>\n<p>Il diritto al lavoro va al mercato<\/p>\n<p>Elsa Fornero &#8211; Docente di Economia &#8211; Univ. di Torino. Direttrice del CeRP<br \/>\nMario Deaglio &#8211; Docente di Economia Internazionale &#8211; Univ. di Torino<br \/>\nLaura Valgiovio &#8211; Segretario generale Fim Cisl Brescia<br \/>\nSven Giegold &#8211; parlamentare europeo<\/p>\n<p>Ore 12.00 Performance Operaie OMSA (**)<\/p>\n<p>ore 15.00<\/p>\n<p>I Sud e le porte del mondo<\/p>\n<p>Romano Prodi &#8211; Presidente della Fondazione per la Collaborazione tra i Popoli<\/p>\n<p>ore 18.00<\/p>\n<p>Le periferie del pianeta e i diritti umani: da sempre interrogativi e proposte per le Chiese, l\u2019Europa, il mondo globale.<\/p>\n<p>Ettore Masina &#8211; Giornalista e scrittore<br \/>\npadre Luciano Verdoscia missionario comboniano<br \/>\nDavid Sassoli &#8211; parlamentare europeo<\/p>\n<p>ore 21<\/p>\n<p>Incontro Pubblico a cura delle giovani e dei giovani dell\u2019Associazione NOTEAMARGINE<\/p>\n<p>Verit\u00e0 mancate e speranze di giustizia.<\/p>\n<p>Manlio Milani Presidente. Associazione dei caduti di Piazza della Loggia e fondatore della Casa della memoria di Brescia<br \/>\nAgnese Moro Sociopsicologa, ricerc. di lab. di scienze della cittadinanza<br \/>\nCarlo Arnoldi Presidente Associazione vittime di Piazza Fontana<\/p>\n<p>Domenica 28 agosto<\/p>\n<p>ore 9.30 Tavola rotonda<\/p>\n<p>Il risveglio della politica profuma di gelsomino e di fiori d\u2019arancio.<\/p>\n<p>Valerio Onida Docente di Diritto Costituzionale &#8211; Univ. Statale di Milano<br \/>\nRosy Bindi Presidente del Partito democratico<br \/>\nNichi Vendola ( **) Presidente Regione Puglia e di Sinistra, Ecologia e Libert\u00e0<br \/>\nPaola Pessina amministratrice pubblica<br \/>\nAmbrogio Dionigi giovane promotore lista civica Bologna<br \/>\nTommaso Giuntella giovane consigliere di circoscrizione a Roma<\/p>\n","protected":false},"excerpt":{"rendered":"<p>Diseguaglianze Indifferenze Mercanti La bella politica addormentata nell\u2019incantesimo globale 24-28 agosto 2011 &#8211; Terzolas Programma Mercoled\u00ec 24 agosto Pomeriggio: arrivi ed accoglienza Ore 21: Serata di condivisione e musiche di De Andr\u00e8 Gioved\u00ec 25 agosto ore 8 Ruminare la Parola, introduzione alla lectio divina a cura di Dom Franco Mosconi monaco camaldolese ore 9.30 Introduzione &hellip; <a href=\"https:\/\/www.rosabianca.org\/?page_id=1985\" class=\"more-link\">Continua la lettura di <span class=\"screen-reader-text\">Scuola estiva 2011<\/span> <span class=\"meta-nav\">&rarr;<\/span><\/a><\/p>\n","protected":false},"author":1,"featured_media":1578,"parent":1965,"menu_order":0,"comment_status":"closed","ping_status":"closed","template":"","meta":{"footnotes":""},"class_list":["post-1985","page","type-page","status-publish","has-post-thumbnail","hentry"],"publishpress_future_action":{"enabled":false,"date":"2026-05-04 21:16:52","action":"change-status","newStatus":"draft","terms":[],"taxonomy":"","extraData":[]},"publishpress_future_workflow_manual_trigger":{"enabledWorkflows":[]},"_links":{"self":[{"href":"https:\/\/www.rosabianca.org\/index.php?rest_route=\/wp\/v2\/pages\/1985","targetHints":{"allow":["GET"]}}],"collection":[{"href":"https:\/\/www.rosabianca.org\/index.php?rest_route=\/wp\/v2\/pages"}],"about":[{"href":"https:\/\/www.rosabianca.org\/index.php?rest_route=\/wp\/v2\/types\/page"}],"author":[{"embeddable":true,"href":"https:\/\/www.rosabianca.org\/index.php?rest_route=\/wp\/v2\/users\/1"}],"replies":[{"embeddable":true,"href":"https:\/\/www.rosabianca.org\/index.php?rest_route=%2Fwp%2Fv2%2Fcomments&post=1985"}],"version-history":[{"count":3,"href":"https:\/\/www.rosabianca.org\/index.php?rest_route=\/wp\/v2\/pages\/1985\/revisions"}],"predecessor-version":[{"id":1997,"href":"https:\/\/www.rosabianca.org\/index.php?rest_route=\/wp\/v2\/pages\/1985\/revisions\/1997"}],"up":[{"embeddable":true,"href":"https:\/\/www.rosabianca.org\/index.php?rest_route=\/wp\/v2\/pages\/1965"}],"wp:featuredmedia":[{"embeddable":true,"href":"https:\/\/www.rosabianca.org\/index.php?rest_route=\/wp\/v2\/media\/1578"}],"wp:attachment":[{"href":"https:\/\/www.rosabianca.org\/index.php?rest_route=%2Fwp%2Fv2%2Fmedia&parent=1985"}],"curies":[{"name":"wp","href":"https:\/\/api.w.org\/{rel}","templated":true}]}}

<p><span style="color: #ff0000;">Dis</span>eguaglianze<br />
<span style="color: #ff0000;">In</span>differenze<br />
Mer<span style="color: #ff0000;">canti</span></p>
<p><strong>La bella politica addormentata nell’incantesimo globale</strong></p>
<p>24-28 agosto 2011 &#8211; Terzolas</p>
<p><strong><a href="https://www.rosabianca.org/wp-content/uploads/2011-08-24-08-28-Terzolas-Rosa-bianca-Disincanti-Indifferenze-Mercanti-S-181.jpg"><img loading="lazy" decoding="async" class="size-medium wp-image-1994 alignright" src="https://www.rosabianca.org/wp-content/uploads/2011-08-24-08-28-Terzolas-Rosa-bianca-Disincanti-Indifferenze-Mercanti-S-181-300x200.jpg" alt="" width="300" height="200" srcset="https://www.rosabianca.org/wp-content/uploads/2011-08-24-08-28-Terzolas-Rosa-bianca-Disincanti-Indifferenze-Mercanti-S-181-300x200.jpg 300w, https://www.rosabianca.org/wp-content/uploads/2011-08-24-08-28-Terzolas-Rosa-bianca-Disincanti-Indifferenze-Mercanti-S-181-250x167.jpg 250w, https://www.rosabianca.org/wp-content/uploads/2011-08-24-08-28-Terzolas-Rosa-bianca-Disincanti-Indifferenze-Mercanti-S-181.jpg 448w" sizes="auto, (max-width: 300px) 100vw, 300px" /></a>Programma</strong></p>
<p>Mercoledì 24 agosto</p>
<p>Pomeriggio: arrivi ed accoglienza</p>
<p>Ore 21: Serata di condivisione e musiche di De Andrè</p>
<p>Giovedì 25 agosto</p>
<p>ore 8 Ruminare la Parola, introduzione alla lectio divina a cura di<br />
Dom Franco Mosconi monaco camaldolese</p>
<p>ore 9.30 Introduzione alla scuola<a href="https://www.rosabianca.org/wp-content/uploads/2011-08-24-08-28-Terzolas-Rosa-bianca-Disincanti-Indifferenze-Mercanti-S-194.jpg"><img loading="lazy" decoding="async" class="size-medium wp-image-1996 alignright" src="https://www.rosabianca.org/wp-content/uploads/2011-08-24-08-28-Terzolas-Rosa-bianca-Disincanti-Indifferenze-Mercanti-S-194-300x200.jpg" alt="" width="300" height="200" srcset="https://www.rosabianca.org/wp-content/uploads/2011-08-24-08-28-Terzolas-Rosa-bianca-Disincanti-Indifferenze-Mercanti-S-194-300x200.jpg 300w, https://www.rosabianca.org/wp-content/uploads/2011-08-24-08-28-Terzolas-Rosa-bianca-Disincanti-Indifferenze-Mercanti-S-194-250x167.jpg 250w, https://www.rosabianca.org/wp-content/uploads/2011-08-24-08-28-Terzolas-Rosa-bianca-Disincanti-Indifferenze-Mercanti-S-194.jpg 448w" sizes="auto, (max-width: 300px) 100vw, 300px" /></a></p>
<p>La bella politica si risveglia senza il bacio del Principe di Machiavelli<br />
Grazia Villa &#8211; Presidente Rosa Bianca</p>
<p>I fondamenti della giustizia.</p>
<p>Michele Nicoletti &#8211; Docente di Filosofia politica – Università di Trento</p>
<p>Disuguaglianze e profezia</p>
<p>Daniela Saresella &#8211; Docente di Storia Contemporanea – Univ.Studi Milano<br />
Fulvio De Giorgi &#8211; Docente di Storia della pedagogia – Univ. di Modena e Reggio</p>
<p>ore 15</p>
<p>Incontro dibattito<br />
La legge, la giustizia, i diritti uguali e distinti per tutti</p>
<p>Nicola Piacente &#8211; Procuratore Repubblica- Direzione Distrettuale Antimafia di Milano</p>
<p>Pasquale Profiti &#8211; Procuratore Repubblica &#8211; Presidente ANM di Trento</p>
<p>Emanuela Aliverti &#8211; Consigliere Corte D’Appello Milano</p>
<p>ore 21 Quartetto d’archi &#8211; Maddalena Lombardini:</p>
<p>composizione femminile nei conservatori veneziani del 700<br />
Clara Marzorati e Mariateresa Lietti violini<br />
Chiara Zabatta viola<br />
Anna Camporini violoncello</p>
<p>Venerdì 26 agosto</p>
<p>ore 8 Lectio divina a cura di<br />
Marcello Farina sacerdote. Docente di Filosofia &#8211; Univ. di Trento</p>
<p>ore 9.30 Laboratori.</p>
<p>Proposte</p>
<p>laboratorio di scrittura femminile e teologia favolosa<br />
laboratorio di vita indipendente<br />
laboratorio di incantesimi in musica<br />
laboratorio di economia domestica solidale<br />
laboratorio di differenti municipalità<br />
laboratorio di giornalismo: piccoli reporter crescono<br />
laboratorio di pratiche politiche internazionali<br />
laboratorio di scuola competente<br />
laboratorio di relazioni di accompagnamento<br />
laboratorio a cura dell’Associazione Noteamargine</p>
<p>Ore 15 L’école competente: tra inclusione ed esclusione</p>
<p>Luisa Broli &#8211; Dottoranda di ricerca &#8211; Univ. di Pavia<br />
Celeste Grossi &#8211; Direttrice di école, rivista di idee per l’educazione<br />
Marco Orsi &#8211; Dirigente Scolastico, responsabile “Rete senza zaino”<br />
Piergiorgio Reggio &#8211; Docente di Progettazione Pedagogica &#8211; Univ. Cattolica</p>
<p>ore 18 Etty Hillesum:la fortezza inespugnabile e la condivisione nel profondo</p>
<p>Isabella Adinolfi Docente di Storia del pensiero etico-religioso &#8211; Univ.di Venezia<br />
Marta Perrini studiosa di Etty Hillesum</p>
<p>Ore 21 Incontro dibattito:</p>
<p>Italiani anche noi</p>
<p>Anna Luce Lenzi &#8211; Insegnante e autrice di testi e antologie scolastiche<br />
Eraldo Affinati &#8211; Insegnante e autore</p>
<p>Sabato 27 agosto</p>
<p>ore 8 Lectio divina a cura di<br />
Marcello Farina sacerdote &#8211; Docente di Filosofia &#8211; Univ. di Trento</p>
<p>ore 9.30</p>
<p>Il diritto al lavoro va al mercato</p>
<p>Elsa Fornero &#8211; Docente di Economia &#8211; Univ. di Torino. Direttrice del CeRP<br />
Mario Deaglio &#8211; Docente di Economia Internazionale &#8211; Univ. di Torino<br />
Laura Valgiovio &#8211; Segretario generale Fim Cisl Brescia<br />
Sven Giegold &#8211; parlamentare europeo</p>
<p>Ore 12.00 Performance Operaie OMSA (**)</p>
<p>ore 15.00</p>
<p>I Sud e le porte del mondo</p>
<p>Romano Prodi &#8211; Presidente della Fondazione per la Collaborazione tra i Popoli</p>
<p>ore 18.00</p>
<p>Le periferie del pianeta e i diritti umani: da sempre interrogativi e proposte per le Chiese, l’Europa, il mondo globale.</p>
<p>Ettore Masina &#8211; Giornalista e scrittore<br />
padre Luciano Verdoscia missionario comboniano<br />
David Sassoli &#8211; parlamentare europeo</p>
<p>ore 21</p>
<p>Incontro Pubblico a cura delle giovani e dei giovani dell’Associazione NOTEAMARGINE</p>
<p>Verità mancate e speranze di giustizia.</p>
<p>Manlio Milani Presidente. Associazione dei caduti di Piazza della Loggia e fondatore della Casa della memoria di Brescia<br />
Agnese Moro Sociopsicologa, ricerc. di lab. di scienze della cittadinanza<br />
Carlo Arnoldi Presidente Associazione vittime di Piazza Fontana</p>
<p>Domenica 28 agosto</p>
<p>ore 9.30 Tavola rotonda</p>
<p>Il risveglio della politica profuma di gelsomino e di fiori d’arancio.</p>
<p>Valerio Onida Docente di Diritto Costituzionale &#8211; Univ. Statale di Milano<br />
Rosy Bindi Presidente del Partito democratico<br />
Nichi Vendola ( **) Presidente Regione Puglia e di Sinistra, Ecologia e Libertà<br />
Paola Pessina amministratrice pubblica<br />
Ambrogio Dionigi giovane promotore lista civica Bologna<br />
Tommaso Giuntella giovane consigliere di circoscrizione a Roma</p>

<p>Diseguaglianze Indifferenze Mercanti La bella politica addormentata nell’incantesimo globale 24-28 agosto 2011 &#8211; Terzolas Programma Mercoledì 24 agosto Pomeriggio: arrivi ed accoglienza Ore 21: Serata di condivisione e musiche di De Andrè Giovedì 25 agosto ore 8 Ruminare la Parola, introduzione alla lectio divina a cura di Dom Franco Mosconi monaco camaldolese ore 9.30 Introduzione &hellip; <a href="https://www.rosabianca.org/?page_id=1985" class="more-link">Continua la lettura di <span class="screen-reader-text">Scuola estiva 2011</span> <span class="meta-nav">&rarr;</span></a></p>
