{"id":3025,"date":"2020-04-22T05:09:32","date_gmt":"2020-04-22T05:09:32","guid":{"rendered":"http:\/\/www.rosabianca.org\/?page_id=3025"},"modified":"2020-04-25T10:03:09","modified_gmt":"2020-04-25T10:03:09","slug":"ribelli-per-amore","status":"publish","type":"page","link":"https:\/\/www.rosabianca.org\/?page_id=3025","title":{"rendered":"Ribelli per amore"},"content":{"rendered":"\n<p><strong>La Resistenza: un futuro per la memoria<\/strong><\/p>\n\n\n\n<p>  \u00ab <em>La mia libert\u00e0 \u00e8 una piccola isola in un oceano di condizionamenti, ma io &#8211; e con me ogni uomo &#8211; posso nascere come persona libera solo in quella piccola isola. Quando mi sono venuto a trovare in una situazione storica in cui la libert\u00e0 veniva negata, le persone venivano imprigionate e perseguitate per la loro appartenenza a una razza o per le loro idee, \u00e8 stato logico per me mettermi dalla parte di coloro che difendevano la libert\u00e0, la libert\u00e0 mia, la libert\u00e0 di ogni uomo<\/em>. \u00bb  (don Giovanni Barbareschi)<\/p>\n\n\n\n<p><strong>Amore e ribellione<\/strong><br>  \u00ab Dietrich Bonhoeffer, che muore impiccato nel lager di Flossenb\u00fcrg (da cui quello di Hersbruck dipendeva), scrive dalla prigionia pensieri profondissimi che saranno poi, postumi, raccolti con lo splendido titolo di \u00abResistenza e resa\u00bb. Tra questi, egli enuclea quattro stazioni sulla via della libert\u00e0: la Disciplina, l\u2019Azione, la Sofferenza, la Morte\u2026 Si tratta di quattro stazioni che rendono perfettamente ragione del percorso esistenziale sia del teologo tedesco, sia di Teresio Olivelli. La disciplina senza un\u2019azione mirata e guidata dal prin-cipio della carit\u00e0 e dell\u2019amore degenera in fanatismo fondamentalista, la sofferenza e la morte possono dare un senso alla vita solo se la trasfigurano nella ricerca indefessa della dignit\u00e0 e della libert\u00e0 autentica. Esattamente quel che Bonhoeffer e Olivelli hanno vissuto e il motivo per cui entrambi, protestante l\u2019uno, cattolico l\u2019altro, vivono ora nella piena communio sanctorum, rappresentando per noi una testimonianza che non finisce (inverando l\u2019etimo della parola &#8220;martirio&#8221;). \u00bb  (Guido Ghia, rivista Il Margine n.7 2018)<\/p>\n\n\n\n<div class=\"wp-block-image\"><figure class=\"alignright is-resized\"><img loading=\"lazy\" decoding=\"async\" src=\"https:\/\/www.rosabianca.org\/wp-content\/uploads\/Olivelli_NEW-677x1024.jpg\" alt=\"\" class=\"wp-image-3029\" width=\"298\" height=\"450\" srcset=\"https:\/\/www.rosabianca.org\/wp-content\/uploads\/Olivelli_NEW-677x1024.jpg 677w, https:\/\/www.rosabianca.org\/wp-content\/uploads\/Olivelli_NEW-198x300.jpg 198w, https:\/\/www.rosabianca.org\/wp-content\/uploads\/Olivelli_NEW-768x1161.jpg 768w, https:\/\/www.rosabianca.org\/wp-content\/uploads\/Olivelli_NEW.jpg 1640w\" sizes=\"auto, (max-width: 298px) 100vw, 298px\" \/><\/figure><\/div>\n\n\n\n<p>Anselmo Palini nel libro &#8220;Teresio Olivelli. Ribelle per amore&#8221; (ed.Ave), ricostruisce la vicenda biografica di colui che don Mazzolari ha definito \u00ablo spirito pi\u00f9 cristiano del nostro secondo Risorgimento\u00bb. Olivelli partecipa attivamente alla vita dell\u2019Azione cattolica e della Fuci e ci\u00f2 non gli impedisce di immergersi convintamente, come tanti altri giovani del tempo, fin nel cuore del fascismo, cui fa seguito la scelta di arruolarsi volontario per combattere sul fronte russo come alpino, dove per\u00f2 constata di persona la devastazione materiale, morale e umana causata dalla folle politica fascista. Una volta ritornato in patria, aderisce alla Resistenza con le Fiamme Verdi, diventando \u00abribelle per amore\u00bb. La \u00abribellione per amore\u00bb non riguarda solo la partecipazione di Teresio Olivelli alla resistenza, ma anche la sua ribellione ai soprusi, alle angherie e alle brutalit\u00e0 nei lager in cui \u00e8 stato detenuto. Nel lager di Hersbruck egli continua a difendere i propri compagni di prigionia per alleviarne le drammatiche sofferenze, operando sempre senza essere animato dall\u2019odio o dal risentimento, ma appunto dall\u2019amore. Muore a soli 29 anni per le percosse subite dai suoi aguzzini. <\/p>\n\n\n\n<p>Teresio Olivelli, insieme ad altri\/altre protagonisti\/protagoniste della resistenza (Carlo Bianchi, Odoardo Focherini, Giuseppe Bollini, GianCarlo Puecher, Gino Bartali, Enrico Falck, le Aquile Randagie, don Carlo Riva, Tina Anselmi, Thelma Hauss De Finetti, suor Enrichetta Alfieri, Giuseppe Lazzati, i giovani della Rosa Bianca di Monaco, <a href=\"https:\/\/www.rosabianca.org\/?page_id=3022\">Josef Mayr-Nusser<\/a>), doveva essere ricordato nell&#8217;ambito di una mostra a fine aprile 2020 a Milano organizzata dall&#8217;associazione nazionale Partigiani Cristiani <br> \u00ab<em>Se dovessi scegliere uno slogan \u00e8 proprio quello di<br> collegare i resistenti italiani a tutti i resistenti europei<br> affinch\u00e9 noi oggi, ricordando Bonhoeffer di Resistenza e<br> resa, non vogliamo proprio arrenderci<\/em>\u00bb. ( Mariapia<br> Garavaglia presidente nazionale ANPC )  <\/p>\n\n\n\n<p><a href=\"http:\/\/azionecattolicamilano.it\/milano-suor-enrichetta-alfieri-e-le-suore-nella-resistenza\/\">Suor Enrichetta Alfieri e le suore nella Resistenza<\/a> di Silvio Mengotto<\/p>\n\n\n\n<p><a href=\"https:\/\/www.lavocedelpopolo.it\/opinioni\/25-aprile-non-tradire-piu-l-uomo\">25 Aprile: Non tradire pi\u00f9 l&#8217;uomo<\/a> di Anselmo Palini <\/p>\n\n\n\n<p><a href=\"https:\/\/www.bsnews.it\/2014\/05\/30\/strage-trebeschi-in-piazza-loggia-non-vittime-inconsapevoli-ma-caduti-da-combattenti-disarmati\/\">\u201cIn piazza Loggia non vittime inconsapevoli, ma Caduti, da combattenti disarmati\u201d<\/a> di Cesare Trebeschi<\/p>\n\n\n\n<p><a href=\"https:\/\/m.famigliacristiana.it\/articolo\/ribelli-per-amore-la-vera-storia-dei-partigiani-cattolici.htm\">Ribelli per amore: la vera storia dei partigiani cattolici <\/a>di Luca Rolandi<\/p>\n\n\n\n<p><a href=\"https:\/\/www.youtube.com\/watch?v=9sgauT8ij4g\">Aquile Randagie<\/a>, intervento di don Giovanni Barbareschi<\/p>\n","protected":false},"excerpt":{"rendered":"<p>La Resistenza: un futuro per la memoria \u00ab La mia libert\u00e0 \u00e8 una piccola isola in un oceano di condizionamenti, ma io &#8211; e con me ogni uomo &#8211; posso nascere come persona libera solo in quella piccola isola. Quando mi sono venuto a trovare in una situazione storica in cui la libert\u00e0 veniva negata, &hellip; <a href=\"https:\/\/www.rosabianca.org\/?page_id=3025\" class=\"more-link\">Continua la lettura di <span class=\"screen-reader-text\">Ribelli per amore<\/span> <span class=\"meta-nav\">&rarr;<\/span><\/a><\/p>\n","protected":false},"author":1,"featured_media":0,"parent":0,"menu_order":0,"comment_status":"closed","ping_status":"closed","template":"","meta":{"footnotes":""},"class_list":["post-3025","page","type-page","status-publish","hentry"],"publishpress_future_action":{"enabled":false,"date":"2026-05-07 06:24:06","action":"change-status","newStatus":"draft","terms":[],"taxonomy":"","extraData":[]},"publishpress_future_workflow_manual_trigger":{"enabledWorkflows":[]},"_links":{"self":[{"href":"https:\/\/www.rosabianca.org\/index.php?rest_route=\/wp\/v2\/pages\/3025","targetHints":{"allow":["GET"]}}],"collection":[{"href":"https:\/\/www.rosabianca.org\/index.php?rest_route=\/wp\/v2\/pages"}],"about":[{"href":"https:\/\/www.rosabianca.org\/index.php?rest_route=\/wp\/v2\/types\/page"}],"author":[{"embeddable":true,"href":"https:\/\/www.rosabianca.org\/index.php?rest_route=\/wp\/v2\/users\/1"}],"replies":[{"embeddable":true,"href":"https:\/\/www.rosabianca.org\/index.php?rest_route=%2Fwp%2Fv2%2Fcomments&post=3025"}],"version-history":[{"count":5,"href":"https:\/\/www.rosabianca.org\/index.php?rest_route=\/wp\/v2\/pages\/3025\/revisions"}],"predecessor-version":[{"id":3038,"href":"https:\/\/www.rosabianca.org\/index.php?rest_route=\/wp\/v2\/pages\/3025\/revisions\/3038"}],"wp:attachment":[{"href":"https:\/\/www.rosabianca.org\/index.php?rest_route=%2Fwp%2Fv2%2Fmedia&parent=3025"}],"curies":[{"name":"wp","href":"https:\/\/api.w.org\/{rel}","templated":true}]}}

<p><strong>La Resistenza: un futuro per la memoria</strong></p>



<p>  « <em>La mia libertà è una piccola isola in un oceano di condizionamenti, ma io &#8211; e con me ogni uomo &#8211; posso nascere come persona libera solo in quella piccola isola. Quando mi sono venuto a trovare in una situazione storica in cui la libertà veniva negata, le persone venivano imprigionate e perseguitate per la loro appartenenza a una razza o per le loro idee, è stato logico per me mettermi dalla parte di coloro che difendevano la libertà, la libertà mia, la libertà di ogni uomo</em>. »  (don Giovanni Barbareschi)</p>



<p><strong>Amore e ribellione</strong><br>  « Dietrich Bonhoeffer, che muore impiccato nel lager di Flossenbürg (da cui quello di Hersbruck dipendeva), scrive dalla prigionia pensieri profondissimi che saranno poi, postumi, raccolti con lo splendido titolo di «Resistenza e resa». Tra questi, egli enuclea quattro stazioni sulla via della libertà: la Disciplina, l’Azione, la Sofferenza, la Morte… Si tratta di quattro stazioni che rendono perfettamente ragione del percorso esistenziale sia del teologo tedesco, sia di Teresio Olivelli. La disciplina senza un’azione mirata e guidata dal prin-cipio della carità e dell’amore degenera in fanatismo fondamentalista, la sofferenza e la morte possono dare un senso alla vita solo se la trasfigurano nella ricerca indefessa della dignità e della libertà autentica. Esattamente quel che Bonhoeffer e Olivelli hanno vissuto e il motivo per cui entrambi, protestante l’uno, cattolico l’altro, vivono ora nella piena communio sanctorum, rappresentando per noi una testimonianza che non finisce (inverando l’etimo della parola &#8220;martirio&#8221;). »  (Guido Ghia, rivista Il Margine n.7 2018)</p>



<div class="wp-block-image"><figure class="alignright is-resized"><img loading="lazy" decoding="async" src="https://www.rosabianca.org/wp-content/uploads/Olivelli_NEW-677x1024.jpg" alt="" class="wp-image-3029" width="298" height="450" srcset="https://www.rosabianca.org/wp-content/uploads/Olivelli_NEW-677x1024.jpg 677w, https://www.rosabianca.org/wp-content/uploads/Olivelli_NEW-198x300.jpg 198w, https://www.rosabianca.org/wp-content/uploads/Olivelli_NEW-768x1161.jpg 768w, https://www.rosabianca.org/wp-content/uploads/Olivelli_NEW.jpg 1640w" sizes="auto, (max-width: 298px) 100vw, 298px" /></figure></div>



<p>Anselmo Palini nel libro &#8220;Teresio Olivelli. Ribelle per amore&#8221; (ed.Ave), ricostruisce la vicenda biografica di colui che don Mazzolari ha definito «lo spirito più cristiano del nostro secondo Risorgimento». Olivelli partecipa attivamente alla vita dell’Azione cattolica e della Fuci e ciò non gli impedisce di immergersi convintamente, come tanti altri giovani del tempo, fin nel cuore del fascismo, cui fa seguito la scelta di arruolarsi volontario per combattere sul fronte russo come alpino, dove però constata di persona la devastazione materiale, morale e umana causata dalla folle politica fascista. Una volta ritornato in patria, aderisce alla Resistenza con le Fiamme Verdi, diventando «ribelle per amore». La «ribellione per amore» non riguarda solo la partecipazione di Teresio Olivelli alla resistenza, ma anche la sua ribellione ai soprusi, alle angherie e alle brutalità nei lager in cui è stato detenuto. Nel lager di Hersbruck egli continua a difendere i propri compagni di prigionia per alleviarne le drammatiche sofferenze, operando sempre senza essere animato dall’odio o dal risentimento, ma appunto dall’amore. Muore a soli 29 anni per le percosse subite dai suoi aguzzini. </p>



<p>Teresio Olivelli, insieme ad altri/altre protagonisti/protagoniste della resistenza (Carlo Bianchi, Odoardo Focherini, Giuseppe Bollini, GianCarlo Puecher, Gino Bartali, Enrico Falck, le Aquile Randagie, don Carlo Riva, Tina Anselmi, Thelma Hauss De Finetti, suor Enrichetta Alfieri, Giuseppe Lazzati, i giovani della Rosa Bianca di Monaco, <a href="https://www.rosabianca.org/?page_id=3022">Josef Mayr-Nusser</a>), doveva essere ricordato nell&#8217;ambito di una mostra a fine aprile 2020 a Milano organizzata dall&#8217;associazione nazionale Partigiani Cristiani <br> «<em>Se dovessi scegliere uno slogan è proprio quello di<br> collegare i resistenti italiani a tutti i resistenti europei<br> affinché noi oggi, ricordando Bonhoeffer di Resistenza e<br> resa, non vogliamo proprio arrenderci</em>». ( Mariapia<br> Garavaglia presidente nazionale ANPC )  </p>



<p><a href="http://azionecattolicamilano.it/milano-suor-enrichetta-alfieri-e-le-suore-nella-resistenza/">Suor Enrichetta Alfieri e le suore nella Resistenza</a> di Silvio Mengotto</p>



<p><a href="https://www.lavocedelpopolo.it/opinioni/25-aprile-non-tradire-piu-l-uomo">25 Aprile: Non tradire più l&#8217;uomo</a> di Anselmo Palini </p>



<p><a href="https://www.bsnews.it/2014/05/30/strage-trebeschi-in-piazza-loggia-non-vittime-inconsapevoli-ma-caduti-da-combattenti-disarmati/">“In piazza Loggia non vittime inconsapevoli, ma Caduti, da combattenti disarmati”</a> di Cesare Trebeschi</p>



<p><a href="https://m.famigliacristiana.it/articolo/ribelli-per-amore-la-vera-storia-dei-partigiani-cattolici.htm">Ribelli per amore: la vera storia dei partigiani cattolici </a>di Luca Rolandi</p>



<p><a href="https://www.youtube.com/watch?v=9sgauT8ij4g">Aquile Randagie</a>, intervento di don Giovanni Barbareschi</p>

<p>La Resistenza: un futuro per la memoria « La mia libertà è una piccola isola in un oceano di condizionamenti, ma io &#8211; e con me ogni uomo &#8211; posso nascere come persona libera solo in quella piccola isola. Quando mi sono venuto a trovare in una situazione storica in cui la libertà veniva negata, &hellip; <a href="https://www.rosabianca.org/?page_id=3025" class="more-link">Continua la lettura di <span class="screen-reader-text">Ribelli per amore</span> <span class="meta-nav">&rarr;</span></a></p>
