{"id":5099,"date":"2026-02-28T04:48:06","date_gmt":"2026-02-28T04:48:06","guid":{"rendered":"https:\/\/www.rosabianca.org\/?page_id=5099"},"modified":"2026-02-28T04:48:08","modified_gmt":"2026-02-28T04:48:08","slug":"regolamento-interno","status":"publish","type":"page","link":"https:\/\/www.rosabianca.org\/?page_id=5099","title":{"rendered":"Regolamento interno"},"content":{"rendered":"\n<p>Approvato il 3 giugno 2023<\/p>\n\n\n\n<p>TITOLO I<\/p>\n\n\n\n<p>Norme sul rapporto associativo<\/p>\n\n\n\n<p>Art.1 &#8211; Norme sull\u2019ordinamento interno<\/p>\n\n\n\n<p>1. Il presente regolamento da attuazione allo statuto dell\u2019Associazione Rosa bianca in riferimento al funzionamento e all\u2019organizzazione.<\/p>\n\n\n\n<p>2. L\u2019ordinamento interno dell\u2019Associazione \u00e8 ispirato a criteri di democraticit\u00e0, pari opportunit\u00e0 ed uguaglianza dei diritti di tutti gli associati, le cariche associative sono elettive e tutti gli associati possono esservi nominati.<\/p>\n\n\n\n<p>3. Non \u00e8 prevista alcuna differenza di trattamento tra gli associati, come definiti all\u2019articolo 4, alinea 6, 7 e 8 dello statuto, riguardo ai diritti e ai doveri nei confronti dell\u2019Associazione.<\/p>\n\n\n\n<p>Art. 2 &#8211; Procedura di ammissione<\/p>\n\n\n\n<p>1. Ai fini dell\u2019adesione all\u2019Associazione, chiunque ne abbia interesse presenta domanda per iscritto al Consiglio Direttivo, che \u00e8 l\u2019organo deputato a decidere sull\u2019ammissione, allegando di norma alla stessa una nota di presentazione da parte di un socio dell\u2019associazione.In tale domanda deve essere anche precisato che il richiedente si impegna ad accettare le norme dello Statuto sociale e dei regolamenti interni, ad osservare le disposizioni che saranno emanate dal Consiglio Direttivo e dall\u2019Assemblea ed a partecipare alla vita associativa.<\/p>\n\n\n\n<p>2. Il Consiglio Direttivo delibera l\u2019ammissione o il rigetto nel primo consiglio utile successivo alla presentazione della domanda.&nbsp; Il Consiglio Direttivo decide secondo criteri non discriminatori, coerenti con le finalit\u00e0 perseguite e con le attivit\u00e0 di interesse generale svolte.<\/p>\n\n\n\n<p>3. L\u2019accoglimento della domanda \u00e8 comunicato al nuovo associato entro 30 (trenta) giorni dalla data della deliberazione ed egli deve essere iscritto nel libro degli associati.<\/p>\n\n\n\n<p>4. L\u2019eventuale provvedimento di rigetto deve essere motivato e comunicato per iscritto all\u2019interessato entro e non oltre 30 (trenta) giorni dalla data della deliberazione. Contro di esso l\u2019interessato pu\u00f2 proporre appello al Garante, entro e non oltre 30 (trenta) giorni dal ricevimento della comunicazione, mediante apposita istanza che deve essere inoltrata allo stesso con mezzo idoneo ad attestarne il ricevimento; il Garante decide tempestivamente e comunque non oltre 60 giorni successivi al ricevimento dell\u2019appello. All\u2019appellante deve essere garantito il diritto al contraddittorio.<\/p>\n\n\n\n<p>Art.3 &#8211; Diritti e doveri degli associati<\/p>\n\n\n\n<p>1.Gli associati hanno il diritto di:<\/p>\n\n\n\n<ol style=\"list-style-type:lower-alpha\" class=\"wp-block-list\">\n<li>partecipare in Assemblea con diritto di voto, compreso il diritto di elettorato attivo e passivo;<\/li>\n\n\n\n<li>essere informati di tutte le attivit\u00e0 ed iniziative dell\u2019Associazione e parteciparvi;<\/li>\n\n\n\n<li>esaminare i libri sociali. Al fine di esercitare tale diritto, l\u2019associato deve presentare espressa domanda di presa di visione al Consiglio Direttivo, il quale provvede entro il termine massimo dei 15 (quindici) giorni successivi, e indica anche la sede per la consultazione. La presa di visione \u00e8 esercitata alla presenza di persona indicata dal Consiglio Direttivo.<\/li>\n<\/ol>\n\n\n\n<p>2. L\u2019esercizio dei diritti sociali spetta agli associati fin dal momento della loro iscrizione nel libro degli associati, sempre che essi siano in regola con l\u2019eventuale versamento della quota associativa, fatta eccezione per il diritto di voto in Assemblea che \u00e8 riconosciuto al socio iscritto da almeno un mese nel libro degli associati e in regola con il versamento della quota associativa. La qualit\u00e0 di associato viene mantenuta fino alla scadenza del periodo nel quale rimane in carica il consiglio direttivo di riferimento, fermo restando quanto stabilito nei precedenti periodi di questo comma.<\/p>\n\n\n\n<p>3. Gli associati hanno il dovere di:<\/p>\n\n\n\n<ol style=\"list-style-type:lower-alpha\" class=\"wp-block-list\">\n<li>adottare comportamenti conformi allo spirito e alle finalit\u00e0 dell\u2019Associazione, tutelandone il nome, nonch\u00e9 nei rapporti tra i soci e tra questi ultimi e gli organi sociali;<\/li>\n\n\n\n<li>rispettare lo Statuto, gli eventuali regolamenti interni e le deliberazioni adottate dagli organi sociali;<\/li>\n\n\n\n<li>versare l\u2019eventuale quota associativa nella misura e nei termini fissati annualmente dal Consiglio Direttivo.<\/li>\n<\/ol>\n\n\n\n<p>4. Le quote e i contributi associativi non sono trasferibili e non sono rivalutabili.<\/p>\n\n\n\n<p>Art.4 &#8211; Cause di cessazione del rapporto associativo<\/p>\n\n\n\n<p>1. La qualit\u00e0 di associato si perde per:<\/p>\n\n\n\n<ol style=\"list-style-type:lower-alpha\" class=\"wp-block-list\">\n<li>recesso volontario. Ogni associato pu\u00f2 esercitare in ogni momento il diritto di recesso, mediante comunicazione scritta al Consiglio Direttivo. Il recesso ha effetto immediato;<\/li>\n\n\n\n<li>mancato pagamento della quota associativa, se prevista. Il Consiglio Direttivo comunica tale obbligo a tutti gli associati entro un termine congruo per poter provvedere al versamento. L\u2019associato decaduto pu\u00f2 presentare una nuova domanda di ammissione ai sensi dell\u2019art. 2 del presente Statuto.<\/li>\n<\/ol>\n\n\n\n<p>2. L\u2019associato pu\u00f2 invece essere escluso dall\u2019Associazione per:<\/p>\n\n\n\n<ol style=\"list-style-type:lower-alpha\" class=\"wp-block-list\">\n<li>comportamento contrastante con gli scopi dell\u2019Associazione;<\/li>\n\n\n\n<li>persistenti violazioni degli obblighi statutari, regolamentari o delle deliberazioni degli organi sociali;<\/li>\n\n\n\n<li>aver arrecato all\u2019Associazione danni materiali o morali di una certa gravit\u00e0.<\/li>\n<\/ol>\n\n\n\n<p>3. Il provvedimento di esclusione, pronunciato dal Consiglio Direttivo, deve essere motivato e comunicato per iscritto all\u2019interessato entro e non oltre 30 (trenta) giorni dalla data della deliberazione. L\u2019eventuale provvedimento di esclusione deve essere motivato e comunicato per iscritto all\u2019interessato entro e non oltre 30 (trenta) giorni dalla data della deliberazione. Contro di esso l\u2019interessato pu\u00f2 proporre appello al Garante, entro e non oltre 30 (trenta) giorni dal ricevimento della comunicazione, mediante apposita istanza che deve essere inoltrata allo stesso con mezzo idoneo ad attestarne il ricevimento; il Garante decide tempestivamente e comunque non oltre 60 giorni successivi al ricevimento dell\u2019appello. All\u2019appellante deve essere garantito il diritto al contraddittorio. Fino alla conclusione del procedimento l\u2019associato interessato si intende sospeso.<\/p>\n\n\n\n<p>4. L\u2019associato receduto o escluso non ha diritto alla restituzione delle quote associative versate n\u00e9 ha alcun diritto sul patrimonio dell\u2019Associazione.<\/p>\n\n\n\n<p>Art.5 &#8211;&nbsp; Elezione degli organi<\/p>\n\n\n\n<p>1. L\u2019elezione degli organi dell\u2019Associazione non pu\u00f2 in alcun modo essere vincolata o limitata, ed \u00e8 informata a criteri di massima libert\u00e0 di partecipazione all\u2019elettorato attivo e passivo.<\/p>\n\n\n\n<p>2. Tutte le cariche sociali sono assunte e assolte a totale titolo gratuito.<\/p>\n\n\n\n<p>Art.6 &#8211; L\u2019Assemblea degli associati: composizione, modalit\u00e0 di convocazione e funzionamento<\/p>\n\n\n\n<p>1. L\u2019Assemblea \u00e8 l\u2019organo sovrano dell\u2019Associazione ed \u00e8 composta da tutti gli associati in regola con il versamento della eventuale quota associativa annuale.<\/p>\n\n\n\n<p>2. Ciascun associato pu\u00f2 intervenire personalmente in Assemblea o pu\u00f2 farsi rappresentare da un altro associato mediante delega, la quale deve essere scritta e firmata e deve contenere l\u2019indicazione del delegante e del delegato. \u00c8 ammessa una sola delega per associato.<\/p>\n\n\n\n<p>3. L\u2019Assemblea \u00e8 convocata dai Presidenti dell\u2019Associazione, a seguito di delibera del Consiglio Direttivo, almeno una volta l\u2019anno per l\u2019approvazione del bilancio di esercizio. L\u2019Assemblea pu\u00f2 essere inoltre convocata su richiesta motivata:<\/p>\n\n\n\n<ol style=\"list-style-type:lower-alpha\" class=\"wp-block-list\">\n<li>della maggioranza dei membri del Consiglio Direttivo;<\/li>\n\n\n\n<li>del Garante<\/li>\n\n\n\n<li>di almeno\u00a0 1\/5 (un quinto) degli associati indirizzandola al Consiglio Direttivo.<\/li>\n<\/ol>\n\n\n\n<p>4. Nei casi di cui al comma 3 i Presidenti provvedono alla convocazione dell\u2019Assemblea entro 60 (sessanta) giorni dalla data della richiesta. Qualora il Presidente non provveda alla convocazione nei termini indicati, vi provvede in sua vece e senza ritardo il Garante.<\/p>\n\n\n\n<p>5. L\u2019Assemblea pu\u00f2 riunirsi anche mediante videoconferenza, sempre che tutti i partecipanti siano identificati e sia loro consentito di seguire la discussione in modo simultaneo, di intervenire in tempo reale alla trattazione degli argomenti affrontati e di partecipare alla votazione. L\u2019Assemblea si considera tenuta nel luogo in cui si trovano i Presidenti, e dove pure deve trovarsi il segretario della riunione, onde consentire la stesura e la sottoscrizione del verbale sul relativo libro. Se nel corso della riunione venisse sospeso il collegamento, la stessa verr\u00e0 dichiarata sospesa dai Presidenti o da colui che ne fa le veci, e le decisioni prese fino alla sospensione saranno valide.<\/p>\n\n\n\n<p>7. L\u2019Assemblea \u00e8 presieduta da un associato indicato in sede di riunione assembleare.<\/p>\n\n\n\n<p>8. Le discussioni e le deliberazioni dell\u2019Assemblea sono riassunte in un verbale, sottoscritto dal Presidente della stessa e dal verbalizzante a ci\u00f2 appositamente nominato. Il verbale \u00e8 trascritto nel libro delle adunanze e delle deliberazioni dell\u2019Assemblea, conservato nella sede dell\u2019Associazione.<\/p>\n\n\n\n<p>Art. 7 &#8211; Assemblea ordinaria: competenze e quorum<\/p>\n\n\n\n<p>1. \u00c8 compito dell\u2019Assemblea ordinaria:<\/p>\n\n\n\n<ol style=\"list-style-type:lower-alpha\" class=\"wp-block-list\">\n<li>approvare il bilancio consuntivo e preventivo nonch\u00e9 il rendiconto, predisposto dal Consiglio Direttivo;<\/li>\n\n\n\n<li>approvare anche su proposta dei Presidenti in carica, il quadro progettuale e tematico relativo alla presidenza triennale in corso, indicando le priorit\u00e0 dell\u2019attivit\u00e0 annuale e proponendo eventuali specifiche iniziative, nei limiti dei supporti organizzativi ed economici disponibili;<\/li>\n\n\n\n<li>eleggere e revocare i membri del Consiglio Direttivo;<\/li>\n\n\n\n<li>eleggere e revocare i Presidenti dell\u2019Associazione;<\/li>\n\n\n\n<li>approvare l\u2019eventuale regolamento attuativo dello Statuto e gli altri regolamenti predisposti dal Consiglio Direttivo per il funzionamento dell\u2019Associazione;<\/li>\n\n\n\n<li>deliberare su ogni altro argomento posto all\u2019ordine del giorno o sottoposto al suo esame da parte del Consiglio Direttivo o da altro organo sociale.<\/li>\n<\/ol>\n\n\n\n<p>2. L\u2019Assemblea ordinaria \u00e8 validamente costituita con la presenza di 1\/3 un terzo pi\u00f9 uno degli associati in regola con il pagamento delle quote associative.<\/p>\n\n\n\n<p>3. Le deliberazioni dell\u2019Assemblea ordinaria sono prese a maggioranza dei voti degli associati presenti. Possono esercitare il diritto di voto gli associati in regola con il pagamento della quota associativa.<\/p>\n\n\n\n<p>Art. 8 &#8211; Assemblea straordinaria: competenze e quorum<\/p>\n\n\n\n<p>1. \u00c8 compito dell\u2019Assemblea straordinaria:<\/p>\n\n\n\n<ol style=\"list-style-type:lower-alpha\" class=\"wp-block-list\">\n<li>deliberare sulle proposte di modifica dello Statuto;<\/li>\n\n\n\n<li>deliberare in merito allo scioglimento, trasformazione, fusione o scissione dell\u2019Associazione.<\/li>\n<\/ol>\n\n\n\n<p>2. Per le modifiche statutarie, l\u2019Assemblea straordinaria \u00e8 validamente costituita con la presenza di almeno la met\u00e0 degli associati in regola con il pagamento della quota associativa e delibera con il voto favorevole della maggioranza dei presenti.<\/p>\n\n\n\n<p>3. Per lo scioglimento dell\u2019Associazione e la devoluzione del patrimonio, l\u2019Assemblea straordinaria delibera, con il voto favorevole di almeno 2\/3 (due terzi) degli associati. Tale quorum si applica anche per la trasformazione, fusione o scissione dell\u2019Associazione.<\/p>\n\n\n\n<p>Art. 9 &#8211; L\u2019Assemblea degli associati: regole di voto<\/p>\n\n\n\n<p>1. Ciascun associato ha diritto ad un solo voto.<\/p>\n\n\n\n<p>2. L\u2019esercizio del diritto di voto spetta agli associati che siano iscritti da almeno 1 (un) mese nel libro degli associati, sempre che essi siano in regola con il versamento della eventuale quota associativa annuale. Gli associati che non sono iscritti da almeno 1 (un) mesenel libro degli associati, anche se in regola con il versamento della quota associativa, possono partecipare all\u2019Assemblea senza diritto di voto n\u00e9 di elettorato attivo e passivo, e non sono computati ai fini del raggiungimento dei quorum.<\/p>\n\n\n\n<p>3. Per le votazioni si procede normalmente con voto palese; si procede a scrutinio segreto quando ne faccia richiesta almeno 1\/10 (un decimo) dei presenti. Per l\u2019elezione delle cariche sociali, e comunque nei casi di votazioni riguardanti le persone, si procede mediante il voto a scrutinio segreto.<\/p>\n\n\n\n<p>Art.10 &#8211; Il Consiglio Direttivo<\/p>\n\n\n\n<p>1. Non pu\u00f2 essere eletto Consigliere, e se nominato decade dalla carica, l\u2019interdetto, l\u2019inabilitato, il fallito, o chi \u00e8 stato condannato ad una pena che importa l\u2019interdizione, anche temporanea, dai pubblici uffici o l\u2019incapacit\u00e0 ad esercitare uffici direttivi.<\/p>\n\n\n\n<p>2. I Consiglieri durano in carica 3 (tre) anni e sono rieleggibili. Almeno 30 (trenta) giorni prima della scadenza del mandato, i Presidenti convocano l\u2019Assemblea per l\u2019elezione del nuovo Consiglio Direttivo.<\/p>\n\n\n\n<p>Art.11 &#8211; Il Consiglio Direttivo: regole di convocazione, di funzionamento e di voto<\/p>\n\n\n\n<p>1. Il Consiglio Direttivo \u00e8 convocato dai Presidenti ogni qualvolta lo ritengano opportuno o quando ne sia fatta richiesta da almeno 1\/3 (un terzo) dei Consiglieri.<\/p>\n\n\n\n<p>2. La convocazione \u00e8 fatta mediante avviso scritto, compresi gli strumenti tecnologici, il quale deve pervenire ai Consiglieri almeno 4 (quattro) giorni prima della data della riunione, e deve indicare il luogo, la data, l\u2019ora e gli argomenti all\u2019ordine del giorno.<\/p>\n\n\n\n<p>3. In difetto di convocazione formale, o di mancato rispetto dei termini di preavviso, saranno ugualmente valide le adunanze cui partecipano tutti i Consiglieri.<\/p>\n\n\n\n<p>4. Il Consiglio Direttivo pu\u00f2 riunirsi anche mediante videoconferenza secondo le stesse modalit\u00e0 previste per l\u2019Assemblea.<\/p>\n\n\n\n<p>5. Il Consiglio Direttivo \u00e8 presieduto dai Presidenti; in assenza di entrambi, \u00e8 presieduto da altro Consigliere individuato tra i presenti.<\/p>\n\n\n\n<p>6. Le riunioni del Consiglio Direttivo sono legalmente costituite quando \u00e8 presente la maggioranza dei suoi componenti, e le deliberazioni vengono prese a maggioranza dei presenti. Non sono ammesse deleghe.<\/p>\n\n\n\n<p>7. Le votazioni si effettuano con voto palese, tranne nei casi di votazioni riguardanti le persone, dove si procede mediante il voto a scrutinio segreto.<\/p>\n\n\n\n<p>8. Di ogni riunione consiliare viene redatto apposito verbale, sottoscritto dai Presidenti e dal Segretario, o in sua assenza dal verbalizzante a ci\u00f2 appositamente nominato, e conservato tra i documenti dell\u2019associazione.<\/p>\n\n\n\n<p>Art.12 &#8211; Competenze del Consiglio Direttivo<\/p>\n\n\n\n<p>1. Il Consiglio Direttivo \u00e8 investito dei pi\u00f9 ampi poteri per l\u2019amministrazione ordinaria e straordinaria dell\u2019Associazione, ed in particolare ha il compito di:<\/p>\n\n\n\n<ol style=\"list-style-type:lower-alpha\" class=\"wp-block-list\">\n<li>supportare e coadiuvare i Presidenti nella realizzazione delle attivit\u00e0 associative e di tutti gli atti di ordinaria e straordinaria amministrazione nonch\u00e9 nella redazione e presentazione all\u2019Assemblea del rapporto annuale sulle attivit\u00e0 dell\u2019associazione, in particolare nella redazione del\u00a0 bilancio di esercizio, da sottoporre all\u2019approvazione dell\u2019Assemblea e del piano programmatico<\/li>\n\n\n\n<li>nominare il tesoriere e il Segretario dell\u2019Associazione;<\/li>\n\n\n\n<li>decidere sulle domande di adesione all\u2019Associazione e sull\u2019esclusione degli associati;<\/li>\n\n\n\n<li>redigere gli eventuali regolamenti interni per il funzionamento dell\u2019Associazione, da sottoporre all\u2019approvazione dell\u2019Assemblea;<\/li>\n\n\n\n<li>decidere l\u2019eventuale quota associativa annuale, determinandone l\u2019ammontare;<\/li>\n\n\n\n<li>deliberare la convocazione dell\u2019Assemblea;<\/li>\n\n\n\n<li>ratificare o respingere i provvedimenti adottati d\u2019urgenza dal Presidente;<\/li>\n\n\n\n<li>curare la tenuta dei libri sociali dell\u2019Associazione;<\/li>\n\n\n\n<li>deliberare l\u2019eventuale svolgimento di attivit\u00e0 diverse, e documentarne il carattere secondario e strumentale rispetto alle attivit\u00e0 di interesse generale;<\/li>\n\n\n\n<li>approva l\u2019eventuale costituzione di gruppi e circoli locali;<\/li>\n\n\n\n<li>adottare ogni altro provvedimento che sia ad esso attribuito dal presente Statuto o dai regolamenti interni;\u00a0<\/li>\n\n\n\n<li>adottare in generale tutti i provvedimenti e le misure necessarie all\u2019attuazione delle finalit\u00e0 istituzionali, oltre che alla gestione e al corretto funzionamento dell\u2019Associazione.<\/li>\n<\/ol>\n\n\n\n<p>Art.13 &#8211; Cause di decadenza e sostituzione dei membri del Consiglio Direttivo<\/p>\n\n\n\n<p>1. La carica di Consigliere si perde per:<\/p>\n\n\n\n<ol style=\"list-style-type:lower-alpha\" class=\"wp-block-list\">\n<li>dimissioni, rassegnate mediante comunicazione scritta al Consiglio Direttivo;<\/li>\n\n\n\n<li>revoca da parte dell\u2019Assemblea ordinaria;<\/li>\n\n\n\n<li>sopraggiunte cause di incompatibilit\u00e0;<\/li>\n\n\n\n<li>perdita della qualit\u00e0 di associato a seguito del verificarsi di una o pi\u00f9 delle cause previste dall\u2019art.5 del presente Statuto.<\/li>\n<\/ol>\n\n\n\n<p>2. Nel caso in cui uno o pi\u00f9 Consiglieri cessino dall\u2019incarico per uno o pi\u00f9 dei motivi indicati nel precedente comma, il Consiglio Direttivo provvede alla sostituzione attingendo alla lista dei non eletti nell\u2019ultima elezione del Consiglio Direttivo svoltasi. I Consiglieri cos\u00ec subentrati rimangono in carica fino alla prima Assemblea ordinaria utile, la quale dovr\u00e0 decidere sulla loro conferma. Se confermati, essi rimangono in carica fino alla scadenza del mandato del Consiglio Direttivo vigente. In caso di mancata conferma, oppure di esaurimento o di assenza del numero dei non eletti, il Consiglio Direttivo provvede alla sostituzione tramite cooptazione, salvo ratifica da parte della prima Assemblea ordinaria utile; in caso di mancata ratifica si proceder\u00e0 ad una nuova elezione. I Consiglieri cos\u00ec subentrati rimangono in carica fino alla scadenza del mandato del Consiglio Direttivo vigente. Fino alla conferma da parte dell\u2019assemblea i consiglieri cooptati non avranno diritto di voto nelle riunioni del Consiglio direttivo.<\/p>\n\n\n\n<p>3. Nel caso in cui cessi dall\u2019incarico la maggioranza dei Consiglieri, l\u2019intero Consiglio Direttivo si intender\u00e0 decaduto e i Presidenti o, in subordine, il Consigliere pi\u00f9 anziano di et\u00e0, dovr\u00e0 convocare l\u2019Assemblea ordinaria entro 30 (trenta) giorni giorni dalla cessazione, al fine di procedere ad una nuova elezione del Consiglio Direttivo. Fino all\u2019elezione dei nuovi Consiglieri, i Consiglieri cessati rimangono in carica per l\u2019attivit\u00e0 di ordinaria amministrazione.<\/p>\n\n\n\n<p>Art.14 &#8211; I Presidenti: poteri e durata in carica<\/p>\n\n\n\n<p>1. I Presidenti sono i legali rappresentanti dell\u2019Associazione e la rappresentano di fronte a terzi e in giudizio.<\/p>\n\n\n\n<p>2. Essi sono eletti direttamente dall\u2019Assemblea tra i propri associati.<\/p>\n\n\n\n<p>3. Durano in carica 3 (tre) anni ed sono rieleggibili. Almeno 30 (trenta) giorni prima della scadenza del mandato essi convocano l\u2019Assemblea per l\u2019elezione dei nuovi Presidenti.<\/p>\n\n\n\n<p>4. I Presidenti hanno la responsabilit\u00e0 generale della conduzione e del buon andamento dell\u2019Associazione, e in particolare provvedono, anche disgiuntamente, a:<\/p>\n\n\n\n<ol style=\"list-style-type:lower-alpha\" class=\"wp-block-list\">\n<li>firmare gli atti e i documenti che impegnano l\u2019Associazione sia nei riguardi degli associati che dei terzi;<\/li>\n\n\n\n<li>dare attuazione alle deliberazioni dell\u2019Assemblea e del Consiglio Direttivo anche avvalendosi della diretta collaborazione di componenti del consiglio stesso o di persone di fiducia, interne o esterne all\u2019associazione;<\/li>\n\n\n\n<li>adottare, in caso di necessit\u00e0, provvedimenti d\u2019urgenza, sottoponendoli entro 15 (quindici) giorni alla ratifica da parte del Consiglio Direttivo;<\/li>\n\n\n\n<li>convocare e presiedere l\u2019Assemblea degli associati e il Consiglio Direttivo.<\/li>\n<\/ol>\n\n\n\n<p>5. In caso di assenza o impedimento di entrambi i presidenti spetta al Consiglio Direttivo conferire espressa delega ad altro Consigliere.<\/p>\n\n\n\n<p>Art.15 &#8211; Cause di decadenza e sostituzione del Presidente<\/p>\n\n\n\n<p>1. La carica di Presidente si perde per:<\/p>\n\n\n\n<ol style=\"list-style-type:lower-alpha\" class=\"wp-block-list\">\n<li>dimissioni, rassegnate mediante comunicazione scritta al Consiglio Direttivo che lo comunicher\u00e0 tempestivamente all\u2019assemblea;<\/li>\n\n\n\n<li>revoca da parte dell\u2019assemblea ordinaria;<\/li>\n\n\n\n<li>sopraggiunte cause di incompatibilit\u00e0;<\/li>\n\n\n\n<li>perdita della qualit\u00e0 di associato a seguito del verificarsi di una o pi\u00f9 delle cause previste dallo Statuto.<\/li>\n<\/ol>\n\n\n\n<p>2. Qualora uno dei Presidenti cessi dall\u2019incarico per uno dei motivi indicati al comma 1 del presente articolo, il Presidente ancora in carica dovr\u00e0 convocare l\u2019Assemblea ordinaria entro 30 (trenta) giorni dalla data in cui \u00e8 stata formalizzata la cessazione al fine di procedere all\u2019elezione del nuovo Presidente. Nel caso di cessazione di entrambi i presidenti alla convocazione dell\u2019assemblea provvede il Garante.<\/p>\n\n\n\n<p>Art.16 \u2013 Gruppi locali<\/p>\n\n\n\n<p>1. I gruppi locali comunicano in anticipo il programma delle iniziative, di eventuali collaborazioni o singole iniziative al Consiglio direttivo al fine della valutazione della rispondenza alle finalit\u00e0 e alla programmazione dell\u2019associazione. Vale il silenzio assenso.<\/p>\n\n\n\n<p>Art.17 &#8211; Responsabilit\u00e0 degli organi sociali<\/p>\n\n\n\n<p>1. Delle obbligazioni contratte dall\u2019Associazione rispondono, oltre all\u2019Associazione stessa, anche personalmente e solidalmente le persone che hanno agito in nome e per conto dell\u2019Associazione.<\/p>\n\n\n\n<p>2. I Presidenti, i Consiglieri rispondono nei confronti dell\u2019associazione, dei creditori sociali, degli associati e dei terzi, ai sensi delle disposizioni in tema di responsabilit\u00e0 delle associazioni.<\/p>\n\n\n\n<p>Art.18 &#8211; Libri sociali e registri<\/p>\n\n\n\n<p>1. L\u2019Associazione deve tenere le seguenti scritture:<\/p>\n\n\n\n<ol style=\"list-style-type:lower-alpha\" class=\"wp-block-list\">\n<li>il libro degli associati;<\/li>\n\n\n\n<li>il libro delle adunanze e delle deliberazioni dell\u2019Assemblea;<\/li>\n\n\n\n<li>il libro delle adunanze e delle deliberazioni del Consiglio Direttivo.<\/li>\n<\/ol>\n\n\n\n<p>2. A tal fine l\u2019Associazione pu\u00f2 avvalersi, purch\u00e9 conforme alla normativa vigente, anche del sito della stessa e di strumenti tecnologici.<\/p>\n","protected":false},"excerpt":{"rendered":"<p>Approvato il 3 giugno 2023 TITOLO I Norme sul rapporto associativo Art.1 &#8211; Norme sull\u2019ordinamento interno 1. Il presente regolamento da attuazione allo statuto dell\u2019Associazione Rosa bianca in riferimento al funzionamento e all\u2019organizzazione. 2. L\u2019ordinamento interno dell\u2019Associazione \u00e8 ispirato a criteri di democraticit\u00e0, pari opportunit\u00e0 ed uguaglianza dei diritti di tutti gli associati, le cariche &hellip; <a href=\"https:\/\/www.rosabianca.org\/?page_id=5099\" class=\"more-link\">Continua la lettura di <span class=\"screen-reader-text\">Regolamento interno<\/span> <span class=\"meta-nav\">&rarr;<\/span><\/a><\/p>\n","protected":false},"author":1,"featured_media":0,"parent":0,"menu_order":0,"comment_status":"closed","ping_status":"closed","template":"","meta":{"footnotes":""},"class_list":["post-5099","page","type-page","status-publish","hentry"],"publishpress_future_action":{"enabled":false,"date":"2026-04-21 17:56:27","action":"change-status","newStatus":"draft","terms":[],"taxonomy":""},"publishpress_future_workflow_manual_trigger":{"enabledWorkflows":[]},"_links":{"self":[{"href":"https:\/\/www.rosabianca.org\/index.php?rest_route=\/wp\/v2\/pages\/5099","targetHints":{"allow":["GET"]}}],"collection":[{"href":"https:\/\/www.rosabianca.org\/index.php?rest_route=\/wp\/v2\/pages"}],"about":[{"href":"https:\/\/www.rosabianca.org\/index.php?rest_route=\/wp\/v2\/types\/page"}],"author":[{"embeddable":true,"href":"https:\/\/www.rosabianca.org\/index.php?rest_route=\/wp\/v2\/users\/1"}],"replies":[{"embeddable":true,"href":"https:\/\/www.rosabianca.org\/index.php?rest_route=%2Fwp%2Fv2%2Fcomments&post=5099"}],"version-history":[{"count":1,"href":"https:\/\/www.rosabianca.org\/index.php?rest_route=\/wp\/v2\/pages\/5099\/revisions"}],"predecessor-version":[{"id":5100,"href":"https:\/\/www.rosabianca.org\/index.php?rest_route=\/wp\/v2\/pages\/5099\/revisions\/5100"}],"wp:attachment":[{"href":"https:\/\/www.rosabianca.org\/index.php?rest_route=%2Fwp%2Fv2%2Fmedia&parent=5099"}],"curies":[{"name":"wp","href":"https:\/\/api.w.org\/{rel}","templated":true}]}}