{"id":83,"date":"2011-02-03T18:33:14","date_gmt":"2011-02-03T18:33:14","guid":{"rendered":"http:\/\/wp.rosabianca.org\/?page_id=83"},"modified":"2011-04-03T18:36:52","modified_gmt":"2011-04-03T18:36:52","slug":"quinto-volantino","status":"publish","type":"page","link":"https:\/\/www.rosabianca.org\/?page_id=83","title":{"rendered":"Quinto volantino"},"content":{"rendered":"<p>Appello a tutti i tedeschi!<br \/>\nLa guerra volge sicuramente verso la  fine. Come nel 1918, il governo tedesco cerca anche ora di sviare  l&#8217;attenzione di tutti sul crescente pericolo costituito dai sommergibili  nemici, mentre in Oriente le nostre armate retrocedono senza sosta ed  in Occidente si attende 1\u2019invasione. L\u2019armamento dell&#8217;America non ha  ancora toccato il punto culminante, ma gi\u00e0 oggi supera ogni misura che  mai sia stata raggiunta nella storia. Con sicurezza matematica Hitler  conduce il popolo tedesco alla rovina. Hitler non pu\u00f2 vincere la guerra,  pu\u00f2 soltanto prolungarla! La sua colpa e quella dei suoi collaboratori  hanno superato ogni limite. La giusta punizione si avvicina sempre di  pi\u00f9.<br \/>\nMa intanto cosa fa il popolo tedesco? Non vede e non sente.<br \/>\nCiecamente  segue i suoi seduttori nella rovina. &#8220;Vittoria ad ogni costo!&#8221; essi  hanno scritto sulle loro bandiere. &#8220;Combatteremo fino all&#8217;ultimo uomo&#8221;,  dice Hitler, e intanto la guerra \u00e8 gi\u00e0 perduta.<br \/>\nTedeschi ! Volete,  voi e vostri figli , subire lo stesso destino toccato agli ebrei? Volete  voi essere giudicati con lo stesso metro con cui saranno giudicati i  vostri seduttori? Volete voi essere per l&#8217;eternit\u00e0 il popolo odiato e  respinto da tutti? No!<br \/>\nStaccatevi dal nazionalsocialismo disumano !  Provate con l&#8217;azione che voi la pensate diversamente ! Una nuova guerra  di liberazione sta per scoppiare. La parte migliore del nostro popolo  combatte dalla nostra parte. Strappate il mantello dell&#8217;indifferenza che  avvolge il vostro cuore!<br \/>\nDecidetevi prima che sia troppo tardi. Non  prestate fede alla propaganda nazionalsocialista che vi ha iniettato il  terrore dei bolscevichi. Non crediate che la salvezza della Germania  sia collegata alla vittoria del nazionalsocialismo a tutti i costi! Il  crimine non pu\u00f2 portare ad una vittoria tedesca.<br \/>\nSeparatevi in tempo da tutto ci\u00f2 che \u00e8 collegato col nazionalsocialismo !<br \/>\nVerr\u00e0 un terribile, ma giusto giudizio contro quelli che vili e indecisi si sono tenuti nascosti.<br \/>\nChe  cosa ci insegna la fine di questa guerra che non \u00e8 mai stata nazionale?  L&#8217;idea imperialista del potere, da qualunque parte essa provenga, deve  essere resa innocua per sempre. Un militarismo prussiano non deve pi\u00f9  giungere al potere. Solo attraverso un&#8217;ampia collaborazione dei popoli  europei si pu\u00f2 create la base su cui sar\u00e0 possibile una costruzione  nuova. Ogni potere centralizzato, come quello che lo stato prussiano ha  cercato di instaurare in Germania ed in Europa, deve essere soffocato  sul nascere. La Germania futura potr\u00e0 unicamente essere una federazione.  Solo un sano ordinamento federalista pu\u00f2 oggi ancora riempire di nuova  vita l&#8217;Europa indebolita.<br \/>\nLa classe lavoratrice deve essere liberata  mediante un socialismo ragionevole dalla sua miserabile condizione di  schiavit\u00f9. Il fantasma di una economia autarchica deve scomparire  dall&#8217;Europa. Ogni popolo, ogni individuo hanno diritto ai beni della  terra!<br \/>\nLibert\u00e0 di parola, libert\u00e0 di fede, difesa dei singoli  cittadini dall&#8217;arbitrio dei criminali stati fondati sulla violenza:  queste sono le basi della nuova Europa.<br \/>\nAppoggiate il movimento di resistenza, diffondete i volantini !<\/p>\n","protected":false},"excerpt":{"rendered":"<p>Appello a tutti i tedeschi! La guerra volge sicuramente verso la fine. Come nel 1918, il governo tedesco cerca anche ora di sviare l&#8217;attenzione di tutti sul crescente pericolo costituito dai sommergibili nemici, mentre in Oriente le nostre armate retrocedono senza sosta ed in Occidente si attende 1\u2019invasione. L\u2019armamento dell&#8217;America non ha ancora toccato il &hellip; <a href=\"https:\/\/www.rosabianca.org\/?page_id=83\" class=\"more-link\">Continua la lettura di <span class=\"screen-reader-text\">Quinto volantino<\/span> <span class=\"meta-nav\">&rarr;<\/span><\/a><\/p>\n","protected":false},"author":1,"featured_media":0,"parent":62,"menu_order":5,"comment_status":"open","ping_status":"closed","template":"","meta":{"footnotes":""},"class_list":["post-83","page","type-page","status-publish","hentry"],"publishpress_future_action":{"enabled":false,"date":"2026-05-05 00:32:53","action":"change-status","newStatus":"draft","terms":[],"taxonomy":"","extraData":[]},"publishpress_future_workflow_manual_trigger":{"enabledWorkflows":[]},"_links":{"self":[{"href":"https:\/\/www.rosabianca.org\/index.php?rest_route=\/wp\/v2\/pages\/83","targetHints":{"allow":["GET"]}}],"collection":[{"href":"https:\/\/www.rosabianca.org\/index.php?rest_route=\/wp\/v2\/pages"}],"about":[{"href":"https:\/\/www.rosabianca.org\/index.php?rest_route=\/wp\/v2\/types\/page"}],"author":[{"embeddable":true,"href":"https:\/\/www.rosabianca.org\/index.php?rest_route=\/wp\/v2\/users\/1"}],"replies":[{"embeddable":true,"href":"https:\/\/www.rosabianca.org\/index.php?rest_route=%2Fwp%2Fv2%2Fcomments&post=83"}],"version-history":[{"count":5,"href":"https:\/\/www.rosabianca.org\/index.php?rest_route=\/wp\/v2\/pages\/83\/revisions"}],"predecessor-version":[{"id":95,"href":"https:\/\/www.rosabianca.org\/index.php?rest_route=\/wp\/v2\/pages\/83\/revisions\/95"}],"up":[{"embeddable":true,"href":"https:\/\/www.rosabianca.org\/index.php?rest_route=\/wp\/v2\/pages\/62"}],"wp:attachment":[{"href":"https:\/\/www.rosabianca.org\/index.php?rest_route=%2Fwp%2Fv2%2Fmedia&parent=83"}],"curies":[{"name":"wp","href":"https:\/\/api.w.org\/{rel}","templated":true}]}}